{"id":11407,"date":"2023-08-03T13:40:53","date_gmt":"2023-08-03T12:40:53","guid":{"rendered":"https:\/\/malijai.fr\/?page_id=11407"},"modified":"2023-08-03T14:17:33","modified_gmt":"2023-08-03T13:17:33","slug":"politique-de-confidentialite","status":"publish","type":"page","link":"https:\/\/malijai.fr\/index.php\/politique-de-confidentialite\/","title":{"rendered":"Politique de Confidentialit\u00e9"},"content":{"rendered":"\t\t<div data-elementor-type=\"wp-page\" data-elementor-id=\"11407\" class=\"elementor elementor-11407\">\n\t\t\t\t\t\t<section class=\"elementor-section elementor-top-section elementor-element elementor-element-10e4870 elementor-section-boxed elementor-section-height-default elementor-section-height-default\" data-id=\"10e4870\" data-element_type=\"section\" data-e-type=\"section\">\n\t\t\t\t\t\t<div class=\"elementor-container elementor-column-gap-default\">\n\t\t\t\t\t<div class=\"elementor-column elementor-col-100 elementor-top-column elementor-element elementor-element-f369e74\" data-id=\"f369e74\" data-element_type=\"column\" data-e-type=\"column\">\n\t\t\t<div class=\"elementor-widget-wrap elementor-element-populated\">\n\t\t\t\t\t\t<div class=\"elementor-element elementor-element-efdfbaa elementor-widget elementor-widget-text-editor\" data-id=\"efdfbaa\" data-element_type=\"widget\" data-e-type=\"widget\" data-widget_type=\"text-editor.default\">\n\t\t\t\t<div class=\"elementor-widget-container\">\n\t\t\t\t\t\t\t\t\t<h3><strong>Date de derni\u00e8re mise \u00e0 jour : 03.08.2023<\/strong><\/h3><p>Le site \u00ab malijai.fr \u00bb (ci-apr\u00e8s \u00ab le Site \u00bb) prend tr\u00e8s au s\u00e9rieux la protection de la vie priv\u00e9e de ses utilisateurs. Cette politique de confidentialit\u00e9 vise \u00e0 informer les utilisateurs sur la mani\u00e8re dont nous collectons, utilisons et prot\u00e9geons leurs donn\u00e9es personnelles.<\/p><h3><strong>Collecte des donn\u00e9es personnelles<\/strong><\/h3><p>Nous collectons des donn\u00e9es personnelles lorsque vous :Naviguez sur notre site.<br \/>Remplissez des formulaires ou des sondages.<br \/>Communiquez avec nous par email, t\u00e9l\u00e9phone ou via les r\u00e9seaux sociaux.<br \/>Les donn\u00e9es personnelles que nous collectons peuvent inclure votre nom, adresse email, num\u00e9ro de t\u00e9l\u00e9phone, adresse IP et autres informations pertinentes pour r\u00e9pondre \u00e0 vos demandes ou vous fournir des services.<\/p><h3><strong>Utilisation des donn\u00e9es personnelles<\/strong><\/h3><p>Nous utilisons vos donn\u00e9es personnelles pour :<br \/>Vous fournir des informations et des services que vous avez demand\u00e9s.<br \/>Am\u00e9liorer notre site Web et nos services.<br \/>Personnaliser votre exp\u00e9rience sur notre site Web.<br \/>Vous envoyer des communications marketing, si vous y avez consenti.<br \/>R\u00e9pondre \u00e0 vos demandes et questions.<br \/>Partage des donn\u00e9es personnelles<br \/>Nous ne partageons pas vos donn\u00e9es personnelles avec des tiers, sauf si cela est n\u00e9cessaire pour vous fournir un service que vous avez demand\u00e9 ou si nous y sommes contraints par la loi.<\/p><h3><strong>Conservation des donn\u00e9es personnelles<\/strong><\/h3><p>Nous conservons vos donn\u00e9es personnelles aussi longtemps que n\u00e9cessaire pour remplir les objectifs pour lesquels elles ont \u00e9t\u00e9 collect\u00e9es, ou pour nous conformer \u00e0 nos obligations l\u00e9gales.<\/p><h3><strong>S\u00e9curit\u00e9 des donn\u00e9es personnelles<\/strong><\/h3><p>Nous mettons en \u0153uvre des mesures de s\u00e9curit\u00e9 techniques et organisationnelles pour prot\u00e9ger vos donn\u00e9es personnelles contre la perte, l\u2019alt\u00e9ration, l\u2019acc\u00e8s non autoris\u00e9 et toute autre utilisation abusive.<\/p><h3><strong>Vos droits<\/strong><\/h3><p>Conform\u00e9ment au RGPD, vous avez les droits suivants concernant vos donn\u00e9es personnelles :<\/p><h3><strong>Droit d\u2019acc\u00e8s<\/strong> :<\/h3><p>Vous pouvez demander une copie des donn\u00e9es personnelles que nous d\u00e9tenons \u00e0 votre sujet.<br \/>Droit de rectification : Vous pouvez demander la correction de donn\u00e9es personnelles inexactes ou incompl\u00e8tes.<br \/>Droit \u00e0 l\u2019effacement : Vous pouvez demander la suppression de vos donn\u00e9es personnelles dans certaines circonstances.<br \/>Droit \u00e0 la limitation du traitement : Vous pouvez demander la limitation du traitement de vos donn\u00e9es personnelles dans certaines circonstances.<br \/>Droit \u00e0 la portabilit\u00e9 des donn\u00e9es : Vous pouvez demander de recevoir vos donn\u00e9es personnelles dans un format structur\u00e9, couramment utilis\u00e9 et lisible par machine, et de les transmettre \u00e0 un autre responsable du traitement.<br \/>Droit d\u2019opposition : Vous pouvez vous opposer au traitement de vos donn\u00e9es personnelles dans certaines circonstances.<\/p><p><em>Pour exercer vos droits, veuillez nous contacter \u00e0 l\u2019adresse email suivante : accueil@malijai.fr<\/em><\/p><h3><strong>Modifications de la politique de confidentialit\u00e9<\/strong><\/h3><p>Nous nous r\u00e9servons le droit de modifier cette politique de confidentialit\u00e9 \u00e0 tout moment.<\/p><p>Toute modification sera publi\u00e9e sur cette page, et nous mettrons \u00e0 jour la date de derni\u00e8re mise \u00e0 jour en cons\u00e9quence. Nous vous encourageons \u00e0 consulter r\u00e9guli\u00e8rement cette politique de confidentialit\u00e9 pour vous informer de toute modification.<\/p><h3><strong>Cookies et technologies de suivi<\/strong><\/h3><p>Nous utilisons des cookies et d\u2019autres technologies de suivi pour am\u00e9liorer votre exp\u00e9rience sur notre site Web, analyser l\u2019utilisation du site et personnaliser le contenu et les publicit\u00e9s.<\/p><p>En utilisant notre site Web, vous consentez \u00e0 l\u2019utilisation de cookies et autres technologies de suivi conform\u00e9ment \u00e0 cette politique de confidentialit\u00e9.<\/p><p>Pour plus d\u2019informations sur les cookies et comment les g\u00e9rer, vous pouvez consulter notre politique relative aux cookies.<\/p><h3><b>Contactez nous<\/b><\/h3><p>Si vous avez des questions ou des pr\u00e9occupations concernant cette politique de confidentialit\u00e9, veuillez nous contacter \u00e0 l\u2019adresse email suivante : accueil@malijai.fr<\/p>\t\t\t\t\t\t\t\t<\/div>\n\t\t\t\t<\/div>\n\t\t\t\t\t<\/div>\n\t\t<\/div>\n\t\t\t\t\t<\/div>\n\t\t<\/section>\n\t\t\t\t<\/div>\n\t\t","protected":false},"excerpt":{"rendered":"<p>Date de derni\u00e8re mise \u00e0 jour : 03.08.2023 Le site \u00ab malijai.fr \u00bb (ci-apr\u00e8s \u00ab le Site \u00bb) prend tr\u00e8s au s\u00e9rieux la protection de la vie priv\u00e9e de ses utilisateurs. Cette politique de confidentialit\u00e9 vise \u00e0 informer les utilisateurs sur la mani\u00e8re dont nous collectons, utilisons et prot\u00e9geons leurs donn\u00e9es personnelles. Collecte des donn\u00e9es [&hellip;]<\/p>\n","protected":false},"author":4,"featured_media":0,"parent":0,"menu_order":0,"comment_status":"closed","ping_status":"closed","template":"elementor_header_footer","meta":{"ngg_post_thumbnail":0,"ocean_post_layout":"","ocean_both_sidebars_style":"","ocean_both_sidebars_content_width":0,"ocean_both_sidebars_sidebars_width":0,"ocean_sidebar":"0","ocean_second_sidebar":"0","ocean_disable_margins":"enable","ocean_add_body_class":"","ocean_shortcode_before_top_bar":"","ocean_shortcode_after_top_bar":"","ocean_shortcode_before_header":"","ocean_shortcode_after_header":"","ocean_has_shortcode":"","ocean_shortcode_after_title":"","ocean_shortcode_before_footer_widgets":"","ocean_shortcode_after_footer_widgets":"","ocean_shortcode_before_footer_bottom":"","ocean_shortcode_after_footer_bottom":"","ocean_display_top_bar":"default","ocean_display_header":"default","ocean_header_style":"","ocean_center_header_left_menu":"0","ocean_custom_header_template":"0","ocean_custom_logo":0,"ocean_custom_retina_logo":0,"ocean_custom_logo_max_width":0,"ocean_custom_logo_tablet_max_width":0,"ocean_custom_logo_mobile_max_width":0,"ocean_custom_logo_max_height":0,"ocean_custom_logo_tablet_max_height":0,"ocean_custom_logo_mobile_max_height":0,"ocean_header_custom_menu":"0","ocean_menu_typo_font_family":"0","ocean_menu_typo_font_subset":"","ocean_menu_typo_font_size":0,"ocean_menu_typo_font_size_tablet":0,"ocean_menu_typo_font_size_mobile":0,"ocean_menu_typo_font_size_unit":"px","ocean_menu_typo_font_weight":"","ocean_menu_typo_font_weight_tablet":"","ocean_menu_typo_font_weight_mobile":"","ocean_menu_typo_transform":"","ocean_menu_typo_transform_tablet":"","ocean_menu_typo_transform_mobile":"","ocean_menu_typo_line_height":0,"ocean_menu_typo_line_height_tablet":0,"ocean_menu_typo_line_height_mobile":0,"ocean_menu_typo_line_height_unit":"","ocean_menu_typo_spacing":0,"ocean_menu_typo_spacing_tablet":0,"ocean_menu_typo_spacing_mobile":0,"ocean_menu_typo_spacing_unit":"","ocean_menu_link_color":"","ocean_menu_link_color_hover":"","ocean_menu_link_color_active":"","ocean_menu_link_background":"","ocean_menu_link_hover_background":"","ocean_menu_link_active_background":"","ocean_menu_social_links_bg":"","ocean_menu_social_hover_links_bg":"","ocean_menu_social_links_color":"","ocean_menu_social_hover_links_color":"","ocean_disable_title":"default","ocean_disable_heading":"default","ocean_post_title":"","ocean_post_subheading":"","ocean_post_title_style":"","ocean_post_title_background_color":"","ocean_post_title_background":0,"ocean_post_title_bg_image_position":"","ocean_post_title_bg_image_attachment":"","ocean_post_title_bg_image_repeat":"","ocean_post_title_bg_image_size":"","ocean_post_title_height":0,"ocean_post_title_bg_overlay":0.5,"ocean_post_title_bg_overlay_color":"","ocean_disable_breadcrumbs":"default","ocean_breadcrumbs_color":"","ocean_breadcrumbs_separator_color":"","ocean_breadcrumbs_links_color":"","ocean_breadcrumbs_links_hover_color":"","ocean_display_footer_widgets":"default","ocean_display_footer_bottom":"default","ocean_custom_footer_template":"0","footnotes":""},"class_list":["post-11407","page","type-page","status-publish","hentry","entry"],"yoast_head":"<!-- This site is optimized with the Yoast SEO plugin v27.3 - https:\/\/yoast.com\/product\/yoast-seo-wordpress\/ -->\n<title>Politique de Confidentialit\u00e9 | Malijai.fr<\/title>\n<meta name=\"robots\" content=\"index, follow, max-snippet:-1, max-image-preview:large, max-video-preview:-1\" \/>\n<link rel=\"canonical\" href=\"https:\/\/malijai.fr\/index.php\/politique-de-confidentialite\/\" \/>\n<meta property=\"og:locale\" content=\"fr_FR\" \/>\n<meta property=\"og:type\" content=\"article\" \/>\n<meta property=\"og:title\" content=\"Politique de Confidentialit\u00e9 | Malijai.fr\" \/>\n<meta property=\"og:description\" content=\"Date de derni\u00e8re mise \u00e0 jour : 03.08.2023 Le site \u00ab malijai.fr \u00bb (ci-apr\u00e8s \u00ab le Site \u00bb) prend tr\u00e8s au s\u00e9rieux la protection de la vie priv\u00e9e de ses utilisateurs. Cette politique de confidentialit\u00e9 vise \u00e0 informer les utilisateurs sur la mani\u00e8re dont nous collectons, utilisons et prot\u00e9geons leurs donn\u00e9es personnelles. Collecte des donn\u00e9es [&hellip;]\" \/>\n<meta property=\"og:url\" content=\"https:\/\/malijai.fr\/index.php\/politique-de-confidentialite\/\" \/>\n<meta property=\"og:site_name\" content=\"Malijai.fr\" \/>\n<meta property=\"article:publisher\" content=\"https:\/\/www.facebook.com\/MairieDeMalijai\" \/>\n<meta property=\"article:modified_time\" content=\"2023-08-03T13:17:33+00:00\" \/>\n<meta name=\"twitter:card\" content=\"summary_large_image\" \/>\n<meta name=\"twitter:label1\" content=\"Dur\u00e9e de lecture estim\u00e9e\" \/>\n\t<meta name=\"twitter:data1\" content=\"3 minutes\" \/>\n<script type=\"application\/ld+json\" class=\"yoast-schema-graph\">{\"@context\":\"https:\\\/\\\/schema.org\",\"@graph\":[{\"@type\":\"WebPage\",\"@id\":\"https:\\\/\\\/malijai.fr\\\/index.php\\\/politique-de-confidentialite\\\/\",\"url\":\"https:\\\/\\\/malijai.fr\\\/index.php\\\/politique-de-confidentialite\\\/\",\"name\":\"Politique de Confidentialit\u00e9 | Malijai.fr\",\"isPartOf\":{\"@id\":\"https:\\\/\\\/malijai.fr\\\/#website\"},\"datePublished\":\"2023-08-03T12:40:53+00:00\",\"dateModified\":\"2023-08-03T13:17:33+00:00\",\"breadcrumb\":{\"@id\":\"https:\\\/\\\/malijai.fr\\\/index.php\\\/politique-de-confidentialite\\\/#breadcrumb\"},\"inLanguage\":\"fr-FR\",\"potentialAction\":[{\"@type\":\"ReadAction\",\"target\":[\"https:\\\/\\\/malijai.fr\\\/index.php\\\/politique-de-confidentialite\\\/\"]}]},{\"@type\":\"BreadcrumbList\",\"@id\":\"https:\\\/\\\/malijai.fr\\\/index.php\\\/politique-de-confidentialite\\\/#breadcrumb\",\"itemListElement\":[{\"@type\":\"ListItem\",\"position\":1,\"name\":\"Accueil\",\"item\":\"https:\\\/\\\/malijai.fr\\\/\"},{\"@type\":\"ListItem\",\"position\":2,\"name\":\"Politique de Confidentialit\u00e9\"}]},{\"@type\":\"WebSite\",\"@id\":\"https:\\\/\\\/malijai.fr\\\/#website\",\"url\":\"https:\\\/\\\/malijai.fr\\\/\",\"name\":\"Malijai.fr\",\"description\":\"Site internet de la commune de Malijai dans les Alpes de Haute-Provence\",\"publisher\":{\"@id\":\"https:\\\/\\\/malijai.fr\\\/#organization\"},\"potentialAction\":[{\"@type\":\"SearchAction\",\"target\":{\"@type\":\"EntryPoint\",\"urlTemplate\":\"https:\\\/\\\/malijai.fr\\\/?s={search_term_string}\"},\"query-input\":{\"@type\":\"PropertyValueSpecification\",\"valueRequired\":true,\"valueName\":\"search_term_string\"}}],\"inLanguage\":\"fr-FR\"},{\"@type\":\"Organization\",\"@id\":\"https:\\\/\\\/malijai.fr\\\/#organization\",\"name\":\"Malijai\",\"url\":\"https:\\\/\\\/malijai.fr\\\/\",\"logo\":{\"@type\":\"ImageObject\",\"inLanguage\":\"fr-FR\",\"@id\":\"https:\\\/\\\/malijai.fr\\\/#\\\/schema\\\/logo\\\/image\\\/\",\"url\":\"https:\\\/\\\/www.malijai.fr\\\/wp-content\\\/uploads\\\/2021\\\/11\\\/205467984_317221263388622_5064034598485676827_n.jpg\",\"contentUrl\":\"https:\\\/\\\/www.malijai.fr\\\/wp-content\\\/uploads\\\/2021\\\/11\\\/205467984_317221263388622_5064034598485676827_n.jpg\",\"width\":1697,\"height\":1080,\"caption\":\"Malijai\"},\"image\":{\"@id\":\"https:\\\/\\\/malijai.fr\\\/#\\\/schema\\\/logo\\\/image\\\/\"},\"sameAs\":[\"https:\\\/\\\/www.facebook.com\\\/MairieDeMalijai\"]}]}<\/script>\n<!-- \/ Yoast SEO plugin. -->","yoast_head_json":{"title":"Politique de Confidentialit\u00e9 | Malijai.fr","robots":{"index":"index","follow":"follow","max-snippet":"max-snippet:-1","max-image-preview":"max-image-preview:large","max-video-preview":"max-video-preview:-1"},"canonical":"https:\/\/malijai.fr\/index.php\/politique-de-confidentialite\/","og_locale":"fr_FR","og_type":"article","og_title":"Politique de Confidentialit\u00e9 | Malijai.fr","og_description":"Date de derni\u00e8re mise \u00e0 jour : 03.08.2023 Le site \u00ab malijai.fr \u00bb (ci-apr\u00e8s \u00ab le Site \u00bb) prend tr\u00e8s au s\u00e9rieux la protection de la vie priv\u00e9e de ses utilisateurs. Cette politique de confidentialit\u00e9 vise \u00e0 informer les utilisateurs sur la mani\u00e8re dont nous collectons, utilisons et prot\u00e9geons leurs donn\u00e9es personnelles. Collecte des donn\u00e9es [&hellip;]","og_url":"https:\/\/malijai.fr\/index.php\/politique-de-confidentialite\/","og_site_name":"Malijai.fr","article_publisher":"https:\/\/www.facebook.com\/MairieDeMalijai","article_modified_time":"2023-08-03T13:17:33+00:00","twitter_card":"summary_large_image","twitter_misc":{"Dur\u00e9e de lecture estim\u00e9e":"3 minutes"},"schema":{"@context":"https:\/\/schema.org","@graph":[{"@type":"WebPage","@id":"https:\/\/malijai.fr\/index.php\/politique-de-confidentialite\/","url":"https:\/\/malijai.fr\/index.php\/politique-de-confidentialite\/","name":"Politique de Confidentialit\u00e9 | Malijai.fr","isPartOf":{"@id":"https:\/\/malijai.fr\/#website"},"datePublished":"2023-08-03T12:40:53+00:00","dateModified":"2023-08-03T13:17:33+00:00","breadcrumb":{"@id":"https:\/\/malijai.fr\/index.php\/politique-de-confidentialite\/#breadcrumb"},"inLanguage":"fr-FR","potentialAction":[{"@type":"ReadAction","target":["https:\/\/malijai.fr\/index.php\/politique-de-confidentialite\/"]}]},{"@type":"BreadcrumbList","@id":"https:\/\/malijai.fr\/index.php\/politique-de-confidentialite\/#breadcrumb","itemListElement":[{"@type":"ListItem","position":1,"name":"Accueil","item":"https:\/\/malijai.fr\/"},{"@type":"ListItem","position":2,"name":"Politique de Confidentialit\u00e9"}]},{"@type":"WebSite","@id":"https:\/\/malijai.fr\/#website","url":"https:\/\/malijai.fr\/","name":"Malijai.fr","description":"Site internet de la commune de Malijai dans les Alpes de Haute-Provence","publisher":{"@id":"https:\/\/malijai.fr\/#organization"},"potentialAction":[{"@type":"SearchAction","target":{"@type":"EntryPoint","urlTemplate":"https:\/\/malijai.fr\/?s={search_term_string}"},"query-input":{"@type":"PropertyValueSpecification","valueRequired":true,"valueName":"search_term_string"}}],"inLanguage":"fr-FR"},{"@type":"Organization","@id":"https:\/\/malijai.fr\/#organization","name":"Malijai","url":"https:\/\/malijai.fr\/","logo":{"@type":"ImageObject","inLanguage":"fr-FR","@id":"https:\/\/malijai.fr\/#\/schema\/logo\/image\/","url":"https:\/\/www.malijai.fr\/wp-content\/uploads\/2021\/11\/205467984_317221263388622_5064034598485676827_n.jpg","contentUrl":"https:\/\/www.malijai.fr\/wp-content\/uploads\/2021\/11\/205467984_317221263388622_5064034598485676827_n.jpg","width":1697,"height":1080,"caption":"Malijai"},"image":{"@id":"https:\/\/malijai.fr\/#\/schema\/logo\/image\/"},"sameAs":["https:\/\/www.facebook.com\/MairieDeMalijai"]}]}},"_links":{"self":[{"href":"https:\/\/malijai.fr\/index.php\/wp-json\/wp\/v2\/pages\/11407","targetHints":{"allow":["GET"]}}],"collection":[{"href":"https:\/\/malijai.fr\/index.php\/wp-json\/wp\/v2\/pages"}],"about":[{"href":"https:\/\/malijai.fr\/index.php\/wp-json\/wp\/v2\/types\/page"}],"author":[{"embeddable":true,"href":"https:\/\/malijai.fr\/index.php\/wp-json\/wp\/v2\/users\/4"}],"replies":[{"embeddable":true,"href":"https:\/\/malijai.fr\/index.php\/wp-json\/wp\/v2\/comments?post=11407"}],"version-history":[{"count":11,"href":"https:\/\/malijai.fr\/index.php\/wp-json\/wp\/v2\/pages\/11407\/revisions"}],"predecessor-version":[{"id":11440,"href":"https:\/\/malijai.fr\/index.php\/wp-json\/wp\/v2\/pages\/11407\/revisions\/11440"}],"wp:attachment":[{"href":"https:\/\/malijai.fr\/index.php\/wp-json\/wp\/v2\/media?parent=11407"}],"curies":[{"name":"wp","href":"https:\/\/api.w.org\/{rel}","templated":true}]}}